 + -4)
1
What is the value of (-4 - 5) + -5 - -19?
5
(-8 - (1 + -7)) + 4 + 1
3
Calculate (-4 + 0 - 0) + 8 + -2.
2
Evaluate (12 - 10) + -2 + (-3 - -1).
-2
What is the value of -2 - (2 + 0 - (7 + 1))?
4
Calculate (2 - -1 - 5) + 3 + 3.
4
Calculate 1 - ((0 - 2) + -2).
5
-3 + (2 + -9 - (-8 - -7))
-9
What is the value of -6 + (3 - 4) + 7 + -2?
-2
What is the value of -6 - 8 - ((-3 - -1) + -5)?
-7
Calculate 0 - (1 + -8) - 3.
4
Evaluate 0 - (-7 - -2 - (0 + -2)).
3
Evaluate 11 - (4 + 0 - -9).
-2
What is the value of 3 + -3 - (-10 - -1 - -6)?
3
Calculate -3 + 1 + -3 + 11.
6
What is the value of 0 + 4 + (1 - 10 - -5)?
0
What is the value of -8 - (-10 - -25 - 13)?
-10
Evaluate -2 - (-3 - 5) - 0.
6
What is the value of 6 + -7 - -4 - (-4 - -6)?
1
What is (-6 - 1 - 1) + (-4 - -8)?
-4
What is 3 - (3 - 1) - 4?
-3
Evaluate (15 - 12) + (-1 - 5).
-3
What is the value of (-2 - -2) + 0 - (6 + -7)?
1
5 - (-6 - -3 - -7)
1
-2 - 0 - (-4 - -2)
0
What is 5 + -4 + 3 - (-1 + 12)?
-7
What is the value of 6 - (-11 + 12 + -5 - -12)?
-2
Evaluate -2 + 3 + -4 + (-1 - -4).
0
What is the value of (0 - (-2 - -5 - 4)) + -4?
-3
-1 + 9 + -13 + 3
-2
What is (-17 - -16) + (-1 - -7)?
5
Evaluate -1 + 2 - 8 - -3.
-4
What is the value of 2 - (4 + 0 + -4)?
2
What is the value of 6 + 2 - (-24 + 29)?
3
-5 + 9 + -6 + 9 + -6
1
(3 - 2) + 4 + -1 + 1
5
Evaluate (0 - 2) + -7 + 3 + 1.
-5
What is -2 + (-7 - -9 - 2)?
-2
-6 + 17 - 18 - -15
8
What is the value of -2 + (-3 - (-2 + 0)) + 1?
-2
Evaluate (9 - 12) + 2 + (2 - 1).
0
-1 - (-3 - (-5 + -2))
-5
Calculate 13 + -11 + 0 + 2 + -8.
-4
What is the value of 4 + (-5 + 1 - 3)?
-3
What is -16 + 12 + 17 + -2 + -3?
8
(-1 - 1) + -2 + 5
1
Evaluate 2 - -1 - (7 - (5 + -1)).
0
What is the value of 12 + (4 - 11) - -1?
6
Evaluate -4 + (-4 + 6 + 3 - 4).
-3
Calculate (-7 + 1 - (37 - 48)) + -10.
-5
Evaluate -2 + 6 + -4 - (4 - -1).
-5
Evaluate -7 - (-13 + 4) - -1.
3
Calculate 0 - (-7 - (-9 - 2)).
-4
Calculate 6 - (-3 + -1 + 9).
1
Evaluate -52 + 51 - (5 + 0).
-6
What is (2 + 4 - (0 + 1)) + -4?
1
What is 1 - 6 - -15 - 5?
5
-2 + 1 - 7 - -13
5
4 - (0 + 3) - (1 + -1)
1
What is the value of (2 - (-4 + -1 - -4)) + 5?
8
-5 + 2 + 5 + (-3 - -4)
3
What is the value of 7 - 15 - -18 - 4?
6
Calculate -9 + ((20 - 7) + -4 - 3).
-3
What is 5 + (0 - 1) + -8 - 1?
-5
(-1 - (-5 - -5)) + -4
-5
Calculate (-9 - -5) + -2 + 4.
-2
(5 - (1 + 2) - 2) + 1
1
Calculate 14 - 10 - 3 - (-3 - 0).
4
What is the value of 4 - (0 + 8 - (5 + 5))?
6
-3 + (-1 - -1 - (-5 + 4))
-2
What is the value of -8 + -4 + 6 - (-1 - 2)?
-3
What is -2 - (3 - 6) - -1 - -3?
5
What is 0 + (1 - (4 + -5)) - 2?
0
What is the value of 0 + (-7 - -10 - 4) + 4?
3
-15 - (-18 - (0 - 8))
-5
What is the value of (0 - 8 - -7 - 11) + 5?
-7
What is the value of 8 + -24 + 9 + 0?
-7
Calculate -2 + 9 + -2 + -1.
4
Evaluate 1 - -1 - ((-1 - -3) + 2).
-2
What is 1 - ((4 + -6 - -4) + 3)?
-4
Calculate -5 + 7 + 1 + -4.
-1
Evaluate -2 - (5 + -4) - (0 - 4).
1
What is (-22 - -25) + (-2 - 0 - -2)?
3
What is 3 + (5 - 6 - 9) - -4?
-3
-5 - (-10 + 2 + 5 + 0)
-2
Calculate -3 + 1 + 0 + 2.
0
Evaluate (-4 - (9 + -10)) + 3.
0
Calculate -8 + (-2 - (-17 - -7)).
0
(0 - -3) + 7 + -17 + 3
-4
What is the value of 3 + (-2 - 4) - (11 - 14)?
0
What is -2 + (9 - -4) - (-39 + 41)?
9
Calculate (-9 - -14) + -5 + 2 + -2.
0
What is 5 - (0 + (3 - -2))?
0
What is (-7 - -14 - 8) + 0 + 3?
2
Calculate 5 + (2 - 1 - 5).
1
Evaluate -1 - ((1 - 4) + (-2 - -6)).
-2
Evaluate (-3 - (-6 - -3)) + (0 - 0).
0
Evaluate -30 - -29 - (1 + -2 + 1).
-1
What is (0 - -5 - 0) + -7 + -5?
-7
(2 - 1) + (5 - (14 + -10))
2
What is 10 + 3 + -20 - (-1 + 1)?
-7
What is 3 + -4 + (0 - (-2 - 4))?
5
(0 - 0 - 10) + (36 - 32)
-6
-8 + 11 + -13 + 10
0
-13 + 15 - (1 + 0) - -1
2
Evaluate (5 - 12 - -10) + 0.
3
What is the value of -3 + 13 + -28 + 13?
-5
Calculate (-3 - -7) + (2 - 11).
-5
(6 - 4) + -9 + 2
-5
What is (14 - 9) + -1 + 0 + 2?
6
What is (0 - 5) + -2 + -24 + 26?
-5
Evaluate (-10 - 8) + 7 + 19.
8
What is the value of 1 + -8 + 13 + -9?
-3
Calculate 7 - (0 + 0) - 8.
-1
Calculate 2 + (2 - -2 - 7) - 4.
-5
Calculate -2 + -1 - 0 - -3.
0
What is the value of (3 - (11 - (7 + -3))) + 7?
3
What is the value of 1 - (-1 - (1 + 0)) - 5?
-2
Evaluate 2 + (5 + -4 - 4 - -4).
3
Calculate 5 + (8 - 4 - 8) + 2.
3
What is -1 + (-3 - 1) + 4 - -3?
2
Evaluate 4 + (1 - (-1 - (-14 - -3))).
-5
What is the value of (-3 - (0 + -1)) + 1?
-1
What is (19 - 20) + (-2 - -4)?
1
Calculate 6 + 3 + -6 + 3 - 2.
4
-4 + -1 + (30 - 23)
2
Evaluate (0 - (-5 - (-7 + 1))) + 11.
10
4 + -6 + 5 + (-7 - 0)
-4
What is (3 - -1) + 1 - (4 + 5)?
-4
What is the value of 10 + -11 + 9 - 4?
4
Evaluate 3 + (-1 - (6 + 1 + 0)).
-5
Calculate -4 + -1 + 2 - -1.
-2
-3 + 6 + (-1 - (-3 - -5))
0
What is the value of 2 + -4 + 2 + -5?
-5
6 - ((8 - 4) + 14 - 6)
-6
What is (3 - 1) + (5 - 11)?
-4
What is the value of 15 + -10 - (-1 - -4)?
2
Evaluate 2 + 1 + -4 + 72 + -61.
10
What is 8 + -5 + 10 + -18?
-5
Evaluate (82 - 78) + (-1 + 0 - -1).
4
Evaluate (7 - (-3 + 5)) + -3 + 0.
2
Calculate -9 + 4 - (0 - (0 - -7)).
2
Calculate -6 - -6 - -2 - (1 + 1).
0
Evaluate (-8 - -5) + -3 + (0 - -2).
-4
What is the value of 2 + -3 + (4 - 2)?
1
7 + -6 + -5 - 5
-9
-8 + (-2 + -4 - -11) + -3
-6
-8 + -5 + 10 - -1
-2
What is (-1 + 0 - -8) + (54 - 57)?
4
7 + 2 + -14 + 15
10
What is -5 + (-3 - -4) + 3?
-1
What is 6 + -3 - (-1 - -6)?
-2
(2 - -9) + -32 + 21
0
What is the value of 4 - 6 - (-3 + -2 + 4)?
-1
-1 + 0 + 3 - (-8 - -8)
2
(10 - 7) + (3 - -3)
9
Calculate 1 + 4 + -7 + -2.
-4
What is 0 + -1 - (-12 + 5 + 11)?
-5
What is 27 + -15 - (7 - -11)?
-6
Evaluate 2 + 3 + -4 + -1 + 0.
0
0 + -8 + 10 + (1 - 5)
-2
What is the value of (0 - 0) + 3 + -7 + 8?
4
Evaluate (-2 - -1 - (2 - 0)) + 7.
4
What is 3 - (3 + (3 - -2) + -6)?
1
Calculate -114 + 113 - (0 + (-1 - -5)).
-5
-8 + (6 - -6) + (-8 - -2)
-2
-1 + -1 + 5 + -2 + -3
-2
Calculate 13 - 10 - (-2 + 0 + 2).
3
Calculate (2 - 3) + (-2 + 1 - 0).
-2
Calculate -7 - (9 - 15) - (-3 + 0).
2
Calculate -7 - (6 - (2 + (7 - 5))).
-9
Calculate (-7 + 6 + -3 - -1) + -2.
-5
What is -2 + 11 - 6 - (-2 - -1)?
4
8 - (23 - 20 - (0 + -4))
1
What is 6 - (5 + (-5 - (3 - 6)))?
3
-12 - -13 - (-1 - 1)
3
Evaluate 1 + -7 + (11 - (4 - 8)).
9
Calculate -1 + (4 - 9 - -4).
-2
(1 - 8) + (19 - 15)
-3
What is -2 + -3 + -5 + 0?
-10
Calculate 3 + -5 + 10 + -7.
1
Calculate 6 + -3 + 6 - 4.
5
Evaluate 2 + (1 - -3) + -3.
3
What is (-7 - (5 + -4 + -7)) + 3?
2
What is the value of -4 + 2 + (2 - 5 - -1)?
-4
Evaluate 6 - (7 + -3 + 7) - -2.
-3
What is (1 - 0) + (-14 + -1 - -11)?
-3
What is (-3 + 0 - (-2 + 3)) + 2?
-2
What is 1 + (-4 + 1 - -2)?
0
Evaluate (5 - (4 + -3)) + -2.
2
What is the value of (1 - 1) + (27 - 27)?
0
-3 + -6 - -4 - -3
-2
Calculate 5 - -5 - 12 - (3 + -1).
-4
What is the value of (8 - 1) + -33 + 21?
-5
Evaluate -3 - 1 - (-4 + 2 + -4).
2
Calculate -4 + 6 + -7 + 5 - 3.
-3
What is (2 - (4 - 3)) + (6 - 4)?
3
1 - 0 - (137 - 128)
-8
Evaluate (9 - 10) + 6 - (2 - -5).
-2
Evaluate (7 - 7) + 1 + (3 - 3).
1
Evaluate 3 + (6 - 4 - (0 - -5)).
0
1 + -1 + (2 - 7 - -3)
-2
What is 46 + -30 + (-10 - -2)?
8
What is -2 + 7 - (-2 + (10 - 1))?
-2
Evaluate (0 - 5) + 6 + 2.
3
Calculate 7 + -1 - (10 + -1).
-3
What is the value of 3 - 2 - (11 + -14)?
4
What is the value of -7 + 0 + 0 - (-21 - -16)?
-2
What is -19 + 13 + 6 - (-1 - -6)?
-5
What is (7 - 1) + (1 - 5)?
2
-2 - (-10 - 3) - 11
0
Calculate 8 + (5 - 6 - 2).
5
What is -9 + (-5 - -1 - -7)?
-6
Calculate (4 - (1 - 2)) + -2.
3
-1 + -8 + -6 + 10
-5
Calculate 7 - ((2 - 5) + 1 + 16).
-7
Evaluate (3 - (3 + -1)) + -4.
-3
What is (6 - 5) + -1 - -4?
4
Evaluate -2 + (3 - 1) - (57 - 60).
3
Calculate -4 - (-3 + 1) - (-5 + -7).
10
What is the value of 98 + -108 + 9 + -1?
-2
3 + (-11 - (0 - (5 - 3)))
-6
What is (7 - (11 + -5)) + 1?
2
Evaluate (6 + -7 - 4) + 2 + 0.
-3
Calculate 1 + -5 - (-17 - -9).
4
Calculate 15 - (7 + -13 + 15).
6
Evaluate (8 - (15 - 1)) + 0 + 4.
-2
-1 - (4 - 1) - 0
-4
What is 1 - -9 - 2 - 12?
-4
What is 7 + (4 - 9) + 1 + 1?
4
Calculate 6 + 8 + -10 + -9.
-5
(3 - -1 - 4) + -4
-4
Evaluate -2 + 5 - (11 - 3).
-5
Evaluate (4 + -3 - -10) + -6.
5
27 - 18 - (5 - 1)
5
Calculate 7 + (-22 - -12) + (-2 - -4).
-1
What is the value of -2 + -5 + 7 + -1 + 1?
0
Evaluate -1 - -3 - (2 + 6).
-6
What is the value of -10 - (7 + -4) - -14?
1
What is 7 + 1 - (-5 + 6 + 3)?
4
What is -1 + (-30 -